ose -2*k - 16 = -6*k. Suppose k*i = 16 + 16. What is the units digit of i?
8
Let o = 21 + -15. What is the units digit of o?
6
Suppose 1 = p - 2*g, 2*g + 2 + 6 = 0. What is the units digit of 2/p + (-172)/(-14)?
2
What is the tens digit of (5/3)/(-2 - (-31)/15)?
2
Let g(s) = 2*s**2 + 5*s - 4. What is the tens digit of g(4)?
4
Let w be (-8 + -2)*(-1)/2. Suppose 0 = -2*v + 6, -3*l + 0*v + 69 = w*v. What is the units digit of l?
8
Let y(c) = -c**2 + 7*c + 7. What is the units digit of y(7)?
7
Let y = -2 - -9. Suppose 4*b = y + 1. Suppose -l + 2*t = -t - b, -3*t = 5*l - 82. What is the tens digit of l?
1
Let b(f) = 6*f**2 - 7 + 8 - 3*f**2 - 4*f**3 + 3*f. What is the units digit of b(-1)?
5
Let u(q) = -5*q - 1. Let h be u(-2). Suppose v - h = -4. What is the units digit of v?
5
Suppose -4*y = -0*y - 24. Let i = -2 + y. Suppose n - g - 8 - 14 = 0, -i*n + 61 = 5*g. What is the tens digit of n?
1
What is the units digit of 42/(-2)*(-8 + 7)?
1
Let w(z) be the first derivative of -3*z**2/2 + 2. Let l be w(1). Let q = 4 - l. What is the units digit of q?
7
Let k = -6 + 12. Suppose -3*m = -k*m + 75. What is the units digit of m?
5
Let h(s) = s**2 + 13*s + 14. Let y be h(-12). Suppose -y*n + 26 = -26. What is the units digit of n?
6
Let c(l) be the first derivative of 3 + 2*l - 10*l**2 + 10*l**2 + l**3. What is the tens digit of c(2)?
1
Suppose 14*y - 9*y = 290. Suppose y - 206 = -4*s. What is the units digit of s?
7
Suppose 0 = g + 3*f + 6, -5*g + f + 12 = -2*g. What is the units digit of 4/g - (-6)/9?
2
Let f be 0 - -2 - 60/4. Let w = f - -21. What is the units digit of w?
8
Let s be 15/2*(-14)/(-21). Suppose 5*f - 64 = 4*k + 42, 3*f - 71 = -s*k. What is the units digit of f?
2
Suppose -i = 2*i + 120. Let g = 58 + i. What is the units digit of g?
8
Suppose -27 - 13 = -5*o. Suppose -o*s + 187 = -133. What is the units digit of s?
0
Let i(j) = -3*j**3 + j**3 + 0*j**3 + j**3 - 1 - j. Suppose 2*p + 5 = 1. What is the units digit of i(p)?
9
Suppose 0 = -2*k - 2*u + 4, -4*u = -0*k - 3*k - 1. Suppose -4*j + 3*j + k = 0. What is the units digit of j?
1
Let i be (-3 - 2)*(1 - 0). Let t(b) = -b**3 - 4*b**2 + 5*b + 2. What is the units digit of t(i)?
2
Suppose -5*f + 108 = -107. Suppose -3*s + 5*d + f = 0, 0*d - d = 2. What is the units digit of s?
1
Let t(q) = 18*q**2 + q + 1. Let b be t(-1). Let k = b - -4. What is the tens digit of k?
2
Suppose 0 = 2*y - 21 - 57. Suppose -o + y = 2*o. What is the tens digit of o?
1
Let i = -105 + 153. What is the units digit of i?
8
Let b = -1 + 1. Let n be (-10)/(-6) - 10/15. Let h = b + n. What is the units digit of h?
1
Suppose 3*v = 3 + 6. What is the units digit of v?
3
Let h be -1*(1 - 4) - 2. Suppose -13 = -4*r - h, -d + r = -6. What is the units digit of d?
9
Let y(z) be the second derivative of z**5/20 + z**4/3 - 2*z**3/3 - 3*z**2 + z. What is the units digit of y(-4)?
0
Suppose 3*c - 4 = 4*c. Let d = -3 - c. Let u(w) = 6*w. What is the units digit of u(d)?
6
Suppose -h = 3*l - 233, -3*h = 3*l + l - 304. What is the units digit of l?
9
Suppose -2*p = -6, t + 3*p = -2*p + 22. Let o(l) = l - 3. Let d be o(5). Let q = t - d. What is the units digit of q?
5
Let b be ((-24)/(-1))/(-3) - -1. What is the tens digit of (-1 - 2)*(b - 6)?
3
Let p(x) = x**3 + 6*x**2 - 2*x - 8. Let z be p(-6). Let t = z - 3. What is the units digit of (t + -1)/1 + 2?
2
Let h(q) = 9*q - 4. What is the units digit of h(5)?
1
Suppose -87 = -8*b + 865. What is the hundreds digit of b?
1
Suppose 0 = 2*j - 2. Let x(t) = -5 + 2*t + 5. What is the units digit of x(j)?
2
Let l(k) = 2*k**2 + 4*k + 2. Let y(w) = -w**3 - 8*w**2 - 8*w - 3. Let x be y(-7). Let s = x + -7. What is the units digit of l(s)?
8
Let v(b) = b. Let j be v(4). Let k = j - 0. Suppose -3*c + 4*c - k = 0. What is the units digit of c?
4
What is the units digit of 10/15 - ((-91)/3 - -1)?
0
Let c = 101 + -70. What is the tens digit of c?
3
Let g = 114 - 74. Let v = g + -25. What is the tens digit of v?
1
Let r be (3/2)/((-15)/(-30)). What is the units digit of (40/(-24))/(r/(-99))?
5
Let n(s) = -s**3 + 6*s**2 - 4*s - 4. Let x(y) = -y**2 - 3*y + 2. Let m be x(-2). Suppose 0 = 5*b - 21 - m. What is the units digit of n(b)?
1
Let l(u) = u - 3. Let m be l(5). Suppose -5*j + 27 = m. Suppose -i + j = 2*h, -2*i - h = 3*i - 34. What is the units digit of i?
7
Let s be 4/2 - 5 - 40. Let a = 68 + s. Suppose -4*k + a + 35 = 0. What is the tens digit of k?
1
Let j(r) be the second derivative of -r**5/20 + 5*r**4/12 + r**3 + r**2 - 2*r. What is the units digit of j(6)?
2
Suppose 4*a + 0*a = 16. Suppose 1 = -3*b + a. What is the units digit of b?
1
Suppose -u + 64 + 29 = 0. Let w = u - 61. What is the units digit of w?
2
Let v(i) = -2*i. Let f be v(4). Let h = -1 - f. What is the units digit of h?
7
Suppose -2*t + 35 + 19 = 0. What is the units digit of t?
7
Let g(l) = -l**2 - 5*l + 5. Let x be g(-5). Suppose 5*t + 25 = 0, -109 = y - 3*y + x*t. What is the units digit of y?
2
Let b = -21 - -36. What is the tens digit of b?
1
Let n = 327 + -233. What is the tens digit of n?
9
Let g(l) = -l**2 + 3*l + 2. Let i be g(6). Let x = i - -23. What is the units digit of x?
7
Let z be (-77)/(-28) - (-3)/(-4). Let w = 15 + -11. Suppose m - z*m = -w. What is the units digit of m?
4
Suppose 4*v - 6*v - 16 = 0. Let k(o) = 12*o + o**2 - 4*o - 1 + 3. What is the units digit of k(v)?
2
Let d(w) = -26*w + 22. What is the hundreds digit of d(-4)?
1
Let j = 9 + -4. Suppose 5*a - 9 = -u, 22 = 3*u + 5*a - j. What is the units digit of u?
9
Suppose -3*y + 74 = -y - 2*q, 4*y - 3*q = 144. What is the units digit of y?
3
Suppose -786 = -3*n - 3*l, 47 + 209 = n - l. What is the tens digit of n?
5
Let z be (-1)/(-3) - (-14)/3. Suppose -4 = -z*i + 11. What is the units digit of -3*9/(i*-1)?
9
Let h(b) = -b**2 + 7*b + 5. Let g be h(10). Let j = g - -48. What is the tens digit of j?
2
Suppose 4*o = 3*o - 4. What is the units digit of (-3)/(-3) - (2 + o)?
3
Let w be 10*((-1)/2 + 1). Suppose -v = -w + 3. Suppose 2*h = -0*h + v*z, h = -2*z + 6. What is the units digit of h?
2
Suppose -5*d + 0*o + 50 = 2*o, -d - 4*o + 28 = 0. What is the units digit of d?
8
Let d be -3 - (-3 - -4) - 0. Let o be (-18)/(-7)*(3 - d). Let m = -5 + o. What is the tens digit of m?
1
Let i be (1/2)/((-5)/10). Let f be i/2*(-3 + 3). Let q = 2 + f. What is the units digit of q?
2
Let v(y) = y**2 + 3*y - 44. What is the tens digit of v(-10)?
2
Let u be (-1 + 12/8)*-50. What is the tens digit of -2*(1 + 0) - u?
2
Let z be 392/15 - (-8)/(-60). Let k = z - 11. What is the units digit of k?
5
Let q be 8/(-44) - (-2296)/44. What is the tens digit of (q/6)/((-14)/(-63))?
3
Let k = 5 - 3. Let h(z) = 2 - 8*z - 2 - z**2 + k. What is the units digit of h(-6)?
4
Let l(x) = -x**3 + 3*x - 4. Let a be l(-3). Suppose 3*g = 3*j + j, a = 2*j + 2*g. Suppose 0 = -3*v - j*w, 2*v + w - 3 = 2*w. What is the units digit of v?
1
Let r = -27 + 88. What is the units digit of r?
1
Let r = 133 - 33. What is the units digit of r?
0
Suppose -l + 3*l - 44 = 0. Suppose 8*j = 6*j + l. What is the tens digit of j?
1
Let q(n) = -n - 3. Let c be q(-3). Suppose c = 4*u - u - 69. What is the units digit of u?
3
Let k(y) = 3*y**3 - 9*y**2 - 20*y - 2. Let r(i) = i**3 - 3*i**2 - 7*i - 1. Let b(o) = 3*k(o) - 8*r(o). What is the units digit of b(4)?
2
Let r(d) = d - 1. Let b be r(1). Suppose -2*p = 5*q - 18, b = 2*p + 3*p - 4*q - 78. What is the tens digit of p?
1
Suppose 3*g - 8 = 70. What is the tens digit of g?
2
Suppose -8*d = -2*d + 84. What is the units digit of (0 + d)*(-10)/20?
7
Let b be -14*(-2 - 12/(-8)). Let a = 17 - b. What is the tens digit of a?
1
Suppose -15 = -4*m + 3*i - 4*i, 12 = 4*i. Let u be m - 2/4*0. Suppose -j - u*p + p = -6, 30 = 5*j + 3*p. What is the units digit of j?
6
Let a = 0 - -1. Let l = 2 - a. What is the units digit of l?
1
Let r = 89 + -32. Let d = -27 + r. What is the units digit of d?
0
Let t(q) = q + 4. Suppose 4*n + 9 = 2*a + 3, -4*a - 5*n - 27 = 0. Let b be t(a). Suppose -2*s = -3 + b. What is the units digit of s?
1
Let x = 43 - 8. What is the tens digit of x?
3
Suppose 4*a = 1 - 5. What is the units digit of -3*a/6*2?
1
Suppose -z = 4*m + 2*z + 17, 4*z = -2*m - 16. What is the units digit of (-1 + (-2 - m))/(-1)?
1
Let h be 3/((-9)/(-6))*-1. Let y be 0 - (1 + (h 